, 1091
What are the prime factors of 19694899?
7, 89, 101, 313
What are the prime factors of 392835?
3, 5, 26189
List the prime factors of 33622610.
2, 5, 7, 67, 107
List the prime factors of 1927248.
2, 3, 40151
What are the prime factors of 334079?
439, 761
What are the prime factors of 1627013?
1627013
List the prime factors of 251164.
2, 62791
List the prime factors of 18113295.
3, 5, 59, 97, 211
List the prime factors of 6994879.
197, 35507
What are the prime factors of 87242?
2, 181, 241
List the prime factors of 215515.
5, 43103
What are the prime factors of 443086?
2, 7, 31649
What are the prime factors of 3506410?
2, 5, 31, 11311
List the prime factors of 2594229.
3, 11, 127, 619
What are the prime factors of 1737917?
139, 12503
List the prime factors of 1198945.
5, 11, 21799
What are the prime factors of 164274?
2, 3, 11, 19, 131
What are the prime factors of 6626094?
2, 3, 29, 113, 337
What are the prime factors of 11846169?
3, 146249
List the prime factors of 10452694.
2, 7, 89, 8389
List the prime factors of 224681.
83, 2707
What are the prime factors of 335392?
2, 47, 223
What are the prime factors of 1829640?
2, 3, 5, 79, 193
List the prime factors of 2452729.
19, 167, 773
List the prime factors of 620111.
620111
List the prime factors of 252659.
11, 103, 223
What are the prime factors of 23908999?
467, 51197
What are the prime factors of 2897634?
2, 3, 41, 11779
List the prime factors of 678549.
3, 226183
List the prime factors of 215430.
2, 3, 5, 43, 167
List the prime factors of 74924.
2, 18731
List the prime factors of 10990617.
3, 11, 333049
What are the prime factors of 203957?
13, 29, 541
List the prime factors of 33293.
13, 197
List the prime factors of 3675933.
3, 408437
What are the prime factors of 2248336?
2, 140521
List the prime factors of 2143811.
47, 45613
List the prime factors of 6218802.
2, 3, 115163
List the prime factors of 14430309.
3, 4810103
List the prime factors of 110433.
3, 131, 281
List the prime factors of 8246881.
397, 20773
What are the prime factors of 774971?
83, 9337
List the prime factors of 13029609.
3, 4343203
List the prime factors of 7326525.
3, 5, 97687
List the prime factors of 11250223.
19, 89, 6653
List the prime factors of 911950.
2, 5, 13, 23, 61
List the prime factors of 599245.
5, 119849
List the prime factors of 451700.
2, 5, 4517
List the prime factors of 1871821.
7, 267403
What are the prime factors of 296954?
2, 7, 21211
List the prime factors of 197205.
3, 5, 13147
List the prime factors of 3356897.
31, 108287
What are the prime factors of 33722?
2, 13, 1297
What are the prime factors of 1157377?
13, 17, 5237
What are the prime factors of 24987940?
2, 5, 1249397
What are the prime factors of 1400676?
2, 3, 151, 773
List the prime factors of 24496302.
2, 3, 1181, 3457
What are the prime factors of 20845902?
2, 3, 7, 11, 45121
What are the prime factors of 29644099?
29644099
List the prime factors of 1089126.
2, 3, 83
List the prime factors of 260945.
5, 52189
List the prime factors of 835279.
127, 6577
What are the prime factors of 12424822?
2, 19, 37, 8837
List the prime factors of 12221915.
5, 2444383
List the prime factors of 18849748.
2, 19, 197, 1259
What are the prime factors of 279564?
2, 3, 23297
List the prime factors of 13647078.
2, 3, 151, 5021
What are the prime factors of 150616?
2, 67, 281
What are the prime factors of 1016068?
2, 389, 653
What are the prime factors of 5785597?
107, 139, 389
List the prime factors of 48024.
2, 3, 23, 29
What are the prime factors of 13743342?
2, 3, 59, 12941
List the prime factors of 404988.
2, 3, 33749
List the prime factors of 28190411.
37, 41, 18583
List the prime factors of 12748885.
5, 53, 48109
List the prime factors of 2525871.
3, 29, 29033
What are the prime factors of 1986953?
61, 32573
List the prime factors of 101280.
2, 3, 5, 211
List the prime factors of 2395619.
101, 23719
What are the prime factors of 1064459?
11, 96769
What are the prime factors of 122501?
122501
List the prime factors of 2019598.
2, 7, 181, 797
List the prime factors of 7217276.
2, 11, 61, 2689
What are the prime factors of 36215?
5, 7243
List the prime factors of 3018622.
2, 17, 47, 1889
List the prime factors of 2765617.
2765617
List the prime factors of 1136755.
5, 101, 2251
List the prime factors of 137368.
2, 7, 11, 223
List the prime factors of 214427.
31, 6917
What are the prime factors of 5892402?
2, 3, 982067
List the prime factors of 11282615.
5, 107, 21089
What are the prime factors of 1836161?
31, 61, 971
What are the prime factors of 2009079?
3, 19, 31, 379
What are the prime factors of 64107?
3, 17, 419
List the prime factors of 143056.
2, 8941
List the prime factors of 32296147.
13, 2484319
List the prime factors of 165368.
2, 7, 2953
What are the prime factors of 549318?
2, 3, 7, 11, 29, 41
What are the prime factors of 759689?
7, 41, 2647
What are the prime factors of 5678252?
2, 1419563
What are the prime factors of 28361311?
11, 31, 7561
What are the prime factors of 840109?
840109
List the prime factors of 16519.
16519
List the prime factors of 1183254.
2, 3, 199, 991
List the prime factors of 1038971.
337, 3083
What are the prime factors of 26857264?
2, 7, 37, 6481
List the prime factors of 394534.
2, 7, 28181
List the prime factors of 8711.
31, 281
List the prime factors of 741415.
5, 79, 1877
List the prime factors of 4129091.
47, 87853
What are the prime factors of 71589?
3, 7, 487
List the prime factors of 118964.
2, 29741
List the prime factors of 495860.
2, 5, 24793
What are the prime factors of 35154970?
2, 5, 1153, 3049
What are the prime factors of 27641?
131, 211
What are the prime factors of 77902?
2, 11, 3541
List the prime factors of 446116.
2, 11, 10139
List the prime factors of 11334253.
7, 1619179
What are the prime factors of 191708?
2, 11, 4357
What are the prime factors of 152456?
2, 17, 19, 59
List the prime factors of 479007.
3, 113, 157
What are the prime factors of 229112?
2, 13, 2203
List the prime factors of 1152139.
23, 50093
List the prime factors of 400042.
2, 139, 1439
List the prime factors of 4172572.
2, 107, 9749
List the prime factors of 226686.
2, 3, 37781
List the prime factors of 68446.
2, 7, 4889
List the prime factors of 3484251.
3, 47, 8237
List the prime factors of 195628.
2, 48907
What are the prime factors of 1269425?
5, 50777
What are the prime factors of 495300?
2, 3, 5, 13, 127
List the prime factors of 8880141.
3, 2960047
What are the prime factors of 5326772?
2, 11, 121063
List the prime factors of 4336847.
4336847
What are the prime factors of 2071448?
2, 73, 3547
List the prime factors of 4280255.
5, 7, 29, 4217
What are the prime factors of 301785?
3, 5, 11, 31, 59
What are the prime factors of 575845?
5, 41, 53
What are the prime factors of 234283?
7, 33469
What are the prime factors of 647135?
5, 29, 4463
What are the prime factors of 5295308?
2, 541, 2447
What are the prime factors of 783157?
307, 2551
What are the prime factors of 68812?
2, 17203
What are the prime factors of 3393756?
2, 3, 31, 3041
List the prime factors of 231927.
3, 97, 797
List the prime factors of 14843490.
2, 3, 5, 494783
List the prime factors of 87125.
5, 17, 41
List the prime factors of 2888791.
269, 10739
List the prime factors of 1288931.
7, 184133
What are the prime factors of 6907696?
2, 431731
List the prime factors of 1407055.
5, 13, 21647
What are the prime factors of 13806606?
2, 3, 11, 53, 3947
What are the prime factors of 7108420?
2, 5, 11, 79, 409
List the prime factors of 96554.
2, 23, 2099
What are the prime factors of 156140?
2, 5, 37, 211
List the prime factors of 3073597.
43, 71479
List the prime factors of 432242.
2, 17, 12713
List the prime factors of 898981.
898981
What are the prime factors of 114491?
13, 8807
What are the prime factors of 131210?
2, 5, 13121
What are the prime factors of 8416778?
2, 367, 11467
What are the prime factors of 18395761?
107, 171923
What are the prime factors of 23488868?
2, 13, 451709
List the prime factors of 622666.
2, 11, 31, 83
List the prime factors of 2266675.
5, 71, 1277
What are the prime factors of 23640593?
829, 28517
List the prime factors of 11066312.
2, 23, 137, 439
List the prime factors of 15228560.
2, 5, 190357
List the prime 